7447
What are the prime factors of 1299510264?
2, 3, 13, 4165097
List the prime factors of 58967856.
2, 3, 409499
List the prime factors of 122431789.
122431789
List the prime factors of 89729344.
2, 107, 13103
List the prime factors of 1617599365.
5, 15383, 21031
List the prime factors of 611463018.
2, 3, 101910503
List the prime factors of 607889678.
2, 11, 23, 199, 6037
What are the prime factors of 5661107580?
2, 3, 5, 94351793
List the prime factors of 86683364.
2, 379, 57179
List the prime factors of 5859181.
23, 254747
List the prime factors of 738354753.
3, 82039417
List the prime factors of 196338196.
2, 1433, 34253
What are the prime factors of 182999065?
5, 929, 39397
What are the prime factors of 100222638?
2, 3, 23, 113, 6427
List the prime factors of 59502503.
59, 1008517
List the prime factors of 446501999.
446501999
List the prime factors of 520596254.
2, 79, 3294913
List the prime factors of 266607175.
5, 17, 101, 6211
List the prime factors of 90959220.
2, 3, 5, 11, 15313
List the prime factors of 63559785.
3, 5, 4237319
What are the prime factors of 1399210761?
3, 13, 31, 421, 2749
What are the prime factors of 340547658?
2, 3, 11, 5159813
What are the prime factors of 470534008?
2, 7, 1039, 8087
What are the prime factors of 545170305?
3, 5, 71, 511897
List the prime factors of 183582204.
2, 3, 13, 683, 1723
What are the prime factors of 1134004848?
2, 3, 3067, 7703
What are the prime factors of 4451433292?
2, 499, 2230177
List the prime factors of 656662859.
17, 38627227
List the prime factors of 23370523.
11, 457, 4649
List the prime factors of 19779732.
2, 3, 7, 11213
List the prime factors of 3109230115.
5, 653, 952291
What are the prime factors of 143501728?
2, 31, 144659
List the prime factors of 15409441.
227, 67883
What are the prime factors of 2311132322?
2, 23, 29, 1732483
List the prime factors of 30706965.
3, 5, 227459
List the prime factors of 30275123.
30275123
What are the prime factors of 1655921981?
7, 41, 409, 14107
List the prime factors of 803395762.
2, 13, 1987, 15551
What are the prime factors of 203206709?
47, 181, 23887
What are the prime factors of 430509411?
3, 17, 312643
What are the prime factors of 2592945249?
3, 6701, 128983
List the prime factors of 539145590.
2, 5, 83, 649573
List the prime factors of 1771583642.
2, 151, 373, 15727
List the prime factors of 2005836932.
2, 11, 41, 181, 6143
What are the prime factors of 389986337?
13, 29998949
List the prime factors of 4671359599.
179, 5039, 5179
What are the prime factors of 213666692?
2, 53416673
What are the prime factors of 272040598?
2, 136020299
What are the prime factors of 1170485661?
3, 390161887
What are the prime factors of 3908143682?
2, 22937, 85193
What are the prime factors of 4516644588?
2, 3, 163, 2309123
List the prime factors of 57920509.
23, 79, 127, 251
List the prime factors of 1342892108.
2, 19, 17669633
What are the prime factors of 15648529?
13, 1203733
List the prime factors of 56825555.
5, 59, 192629
List the prime factors of 327393053.
13, 1937237
List the prime factors of 2491483922.
2, 12343, 100927
List the prime factors of 1174174275.
3, 5, 17, 920921
List the prime factors of 27433479.
3, 9144493
List the prime factors of 1962715485.
3, 5, 19, 362459
List the prime factors of 1460893640.
2, 5, 17, 2148373
List the prime factors of 32076454.
2, 16038227
List the prime factors of 4613475173.
2239, 2060507
What are the prime factors of 180194782?
2, 90097391
List the prime factors of 1633207894.
2, 816603947
List the prime factors of 1074928813.
7, 31, 1951, 2539
What are the prime factors of 645406633?
645406633
List the prime factors of 23663141.
23663141
List the prime factors of 1725162683.
47, 1033, 35533
List the prime factors of 123033965.
5, 43, 572251
List the prime factors of 17535245.
5, 7, 13, 17, 2267
List the prime factors of 97828784.
2, 43, 142193
What are the prime factors of 269726493?
3, 2287, 39313
What are the prime factors of 123378907?
123378907
List the prime factors of 59724471.
3, 1609, 12373
What are the prime factors of 1206759672?
2, 3, 653, 25667
What are the prime factors of 4553024191?
757, 6014563
What are the prime factors of 52768406?
2, 26384203
What are the prime factors of 1469615505?
3, 5, 47, 2084561
List the prime factors of 11886774.
2, 3, 17, 116537
What are the prime factors of 329742692?
2, 82435673
List the prime factors of 296947293.
3, 43, 1229, 1873
What are the prime factors of 161551178?
2, 269, 467, 643
List the prime factors of 2000480087.
23311, 85817
List the prime factors of 306529505.
5, 149, 411449
List the prime factors of 229611510.
2, 3, 5, 257, 1103
What are the prime factors of 33864711?
3, 11288237
What are the prime factors of 264379922?
2, 132189961
List the prime factors of 22668934.
2, 11334467
List the prime factors of 336359701.
6521, 51581
What are the prime factors of 12803541?
3, 4267847
List the prime factors of 344167241.
11, 31287931
List the prime factors of 950363338.
2, 101, 4704769
What are the prime factors of 1733896986?
2, 3, 10853, 26627
List the prime factors of 321115388.
2, 11, 7298077
What are the prime factors of 1024696949?
107, 89501
List the prime factors of 598415697.
3, 11, 19, 318137
What are the prime factors of 24090997?
7, 491653
What are the prime factors of 270898919?
270898919
What are the prime factors of 178811232?
2, 3, 37, 50341
What are the prime factors of 31727821?
31727821
List the prime factors of 7071417138.
2, 3, 17, 331, 209449
List the prime factors of 552367531.
552367531
What are the prime factors of 797019072?
2, 3, 37, 151, 743
What are the prime factors of 25192389?
3, 79, 106297
What are the prime factors of 710229802?
2, 355114901
List the prime factors of 25100941.
4793, 5237
What are the prime factors of 54158289?
3, 839, 21517
List the prime factors of 88474517.
7993, 11069
List the prime factors of 930687645.
3, 5, 62045843
List the prime factors of 4560507422.
2, 36923, 61757
List the prime factors of 31141777.
47, 662591
What are the prime factors of 380965860?
2, 3, 5, 11, 192407
What are the prime factors of 258334341?
3, 86111447
List the prime factors of 27373410.
2, 3, 5, 101383
List the prime factors of 6512125636.
2, 27583, 59023
What are the prime factors of 47806506?
2, 3, 11, 83, 2909
List the prime factors of 4864341.
3, 233, 6959
What are the prime factors of 46545491?
23, 113, 17909
What are the prime factors of 24418623?
3, 8139541
What are the prime factors of 64876229?
11, 5897839
What are the prime factors of 2991596254?
2, 1495798127
What are the prime factors of 94926381?
3, 11, 2876557
List the prime factors of 2026876843.
2026876843
What are the prime factors of 612436074?
2, 3, 7507, 13597
List the prime factors of 434156.
2, 311, 349
What are the prime factors of 4434503844?
2, 3, 73, 5062219
What are the prime factors of 2571096?
2, 3, 11, 9739
What are the prime factors of 1526539343?
7, 97, 233, 9649
What are the prime factors of 1023168986?
2, 7, 101, 307, 2357
List the prime factors of 704993558.
2, 73, 4828723
List the prime factors of 12134107.
17, 713771
What are the prime factors of 14908455?
3, 5, 131, 281
What are the prime factors of 3419656400?
2, 5, 173, 49417
List the prime factors of 78344728.
2, 7, 11, 18169
List the prime factors of 80420564.
2, 7, 71, 5779
List the prime factors of 46218655.
5, 7, 1320533
List the prime factors of 21721085.
5, 19, 23, 9941
List the prime factors of 3189315109.
44773, 71233
What are the prime factors of 35851935?
3, 5, 7, 341447
What are the prime factors of 22104388?
2, 5526097
What are the prime factors of 298610640?
2, 3, 5, 414737
What are the prime factors of 2673853892?
2, 668463473
List the prime factors of 1907582205.
3, 5, 71, 1297, 1381
What are the prime factors of 12610584?
2, 3, 7, 131, 191
What are the prime factors of 580599153?
3, 37, 53, 67, 491
What are the prime factors of 4574803416?
2, 3, 67, 79, 36013
What are the prime factors of 174836105?
5, 151, 231571
List the prime factors of 248247458.
2, 157, 409, 1933
What are the prime factors of 6833530888?
2, 37, 1787, 12919
What are the prime factors of 2175826434?
2, 3, 9941, 36479
List the prime factors of 2878928.
2, 13, 13841
What are the 